t s(k) = 28*k**2 + 226*k + 1265. What are the prime factors of s(-42)?
5, 8233
Let m = -61 - -79. Let n(q) = -3*q - m*q - 5 + q**3 - 9 + 7*q + 10*q**2. List the prime factors of n(-11).
19
Let a(q) = q**3 + q**2 - 2. Let p be a(-3). What are the prime factors of (-351 - 1)*(p/(-16) - 2)?
2, 3, 11
Suppose -6*h = -3*h + w - 61, 0 = -h - 5*w + 25. Suppose h*k - 22212 = -16*k. List the prime factors of k.
617
Let a(k) = -k**3 + 43*k**2 + 46*k - 101. Let b be a(44). List the prime factors of (-14 - b)/(1/(-370)).
2, 5, 37
Suppose 393171 = -169*c + 185*c - 726061. What are the prime factors of c?
2, 1093
Suppose -2*s - 5*k - 13 = 12, 0 = -4*s + k + 5. Suppose -2*w + y = -498, 3*w + 3*y - 390 - 348 = s. What are the prime factors of w?
2, 31
Let v(w) = w**3 + 40*w**2 - 5*w + 430. List the prime factors of v(-28).
2, 3, 1663
Let m be (-3*(-10)/(-45))/(1/(-3)). Suppose 0 = 5*v + 3*x + 337, 5*v = 3*v - m*x - 138. Let d = 85 + v. What are the prime factors of d?
2, 5
Let x = 762 + -61. Suppose u + n = x - 234, -n - 5 = 0. List the prime factors of u.
2, 59
Suppose 3*k = 3*o - 4438 + 271, -7*k = -5*o + 6945. Suppose z - o = -2*h, 5*z = 9*z - 2*h - 5576. List the prime factors of z.
7, 199
Let b(g) = -2*g**3 + 2*g - 754. Let r be b(0). Let n = -388 - r. What are the prime factors of n?
2, 3, 61
Suppose 4*x - 2*v - 32 = 0, 2*v - 2 = 2*x - 18. Suppose -x*n - 189 = -1781. What are the prime factors of n?
199
Suppose 5*b - 6194 = -5*a + 118186, 2*a = -4*b + 99504. What are the prime factors of b?
2, 3, 691
Let u be 2 + 4 + -4 - (3 - -103). Let x = -90 - u. What are the prime factors of x?
2, 7
Suppose -113*x - 161*x + 3487847 = -950405. What are the prime factors of x?
2, 7, 13, 89
Suppose -61*v - 3*s + 53637 = -57*v, 4*v - 53657 = s. What are the prime factors of v?
3, 17, 263
Let w be ((-90)/5)/(4/8*-1). What are the prime factors of (-9)/(w/(-856)) - 1?
3, 71
Let r = 60 - 62. Let o be -6 - -4 - 12/r. Suppose -4*b + 256 = -0*k + 2*k, o*k = 16. List the prime factors of b.
2, 31
Let r(f) = -f**2 - 7*f + 13. Let z be r(-8). Suppose -z*w + 316 = -1604. What are the prime factors of w?
2, 3
Let l(q) = -23*q + 12. Let w(s) = s**2 + 22*s - 12. Let x(o) = 2*l(o) + 3*w(o). List the prime factors of x(-14).
2, 37
Suppose -2*f + 1139 = -l, -3*l - 1559 = 5*f - 4379. Suppose -4*w = -f - 1821. What are the prime factors of w?
3, 199
Suppose -5*p = f - 9231, 5*p - 36984 = 45*f - 49*f. List the prime factors of f.
11, 29
Suppose -4*m + 195 = 4*t - 7873, -3*t + 2*m + 6041 = 0. What are the prime factors of t?
5, 13, 31
Let u(f) = f**2 - 3*f + 2. Let g be u(3). Suppose 9 + g = q. Suppose -4*j + 36 = 4*w, 4*w - 28 - q = -5*j. List the prime factors of w.
2, 3
Let k(v) = -v. Let p be k(-16). Suppose 2*h - p = 4*w, -2*h + 2*w - 11 = 7*w. What are the prime factors of h?
2
Let x(d) = -21*d**3 + d**2 + 4*d + 2. Let b be x(-1). Let t(q) = 41*q**2 + 0*q - b*q**2 - 8 + q - 20*q**2. List the prime factors of t(-7).
2, 17
Suppose 0 = -108*v + 1485050 - 206870. List the prime factors of v.
3, 5, 263
Let z = -67 + 72. Let v be (-85)/(1 + 0) + (z - 2). Let y = 183 + v. What are the prime factors of y?
101
Suppose 12*t - 5428 = -1024. Suppose -t = -5*r + 2878. List the prime factors of r.
11, 59
Let p = 1038 + -555. Suppose 4*n - 799 = -5*m + p, -n - 5*m = -328. List the prime factors of n.
2, 3, 53
Suppose -10*f - 27 + 7 = 0. What are the prime factors of 8645/42 + 1*f/(-12)?
2, 103
Let t(r) = -260*r**3 - r**2 + 21*r + 16. What are the prime factors of t(-4)?
2, 4139
Let l = 136 - 46. Suppose v = -5*w - l, -3*v + 0*w = -w + 286. Let q = v + 158. What are the prime factors of q?
3, 7
Let l(m) = -2*m**2 + 3*m + 195. Let d be l(0). Let s = d + 113. Suppose -10*b - s = -24*b. List the prime factors of b.
2, 11
Let g(c) = -108*c - 178. Let l be g(6). Let d = 1468 + l. List the prime factors of d.
2, 3, 107
Let p be (-3*4/12)/(-1)*-108. Let m = p + 108. Suppose 557 = 3*v + n, 6*v - 2*v - n - 738 = m. What are the prime factors of v?
5, 37
Let j be (-3 + 1)*246/12. Let u = -40 - j. List the prime factors of (1 - 2)/((-166)/(-167) - u).
167
Let v be 0*4/(-16) + 140. Let x = -309 - -227. Let d = x + v. List the prime factors of d.
2, 29
Let z = -1470 + 1927. List the prime factors of z.
457
Let m = 31 + -36. Let p(w) = -2*w**3 - 8*w**2 - 5*w - 4. Let s be p(m). Suppose -c + 5*c + 5*q = 77, -4*c + q = -s. What are the prime factors of c?
2, 3
Let h(d) = -5*d - 26. Let m be h(23). Let u = m + 241. What are the prime factors of u?
2, 5
Let l(u) = 443*u + 79. Let b be l(8). Suppose -65*w + 31053 = b. List the prime factors of w.
2, 211
What are the prime factors of 7*((-6238)/3)/(6/36*-4)?
7, 3119
Suppose 3*n - b - 12338 = 0, -n - 3*b + 5425 = 1299. List the prime factors of n.
2, 11, 17
Let n be ((-192)/(-18))/(6/9). Let k = n + -18. What are the prime factors of (-180)/(-8)*((-28)/(-10) + k)?
2, 3
Suppose -57*j - 62*j + 3534538 = 0. What are the prime factors of j?
2, 14851
Let n = -670 + 6141. What are the prime factors of n?
5471
Let q be (-2)/12 + (-1623)/(-18). Let a be 3 + (1/(-5) - q/(-75)). Suppose 0 = a*x - 9*x + 745. List the prime factors of x.
149
Let b be (2 + 1 - -86)/1. Let j = b + -2. Let y = -36 + j. List the prime factors of y.
3, 17
Let a(o) = 2*o + 16. Let x be a(-8). What are the prime factors of ((-1338)/15)/((-2)/10 - x)?
2, 223
Let u = -3 + -13. Let i(v) = 3*v**2 - 12*v - 25. Let w be i(5). Let x = w - u. List the prime factors of x.
2, 3
Let l = -29234 + 45250. List the prime factors of l.
2, 7, 11, 13
Suppose -2*n - 264 = -4*i, -2*i + 278 = -2*n - 5*i. Let g(t) = -31*t - 24. Let y be g(-7). Let u = n + y. What are the prime factors of u?
3, 19
Suppose -4*c + 490 = -5*w - 210, -5*c + 858 = -2*w. Let h = -90 - -375. Let k = h - c. What are the prime factors of k?
5, 23
List the prime factors of 1*185*(-10 - -7 - 3 - -13).
5, 7, 37
Suppose 0 = 3*x - 285 - 312. Suppose h - a = 292, 0 = -2*h + 4*a - x + 777. What are the prime factors of h?
5, 59
Let w = 20209 - -526. What are the prime factors of w?
5, 11, 13, 29
Let d(j) = -20*j - 26*j + 12*j + 24*j**2 + 2359*j**3 - 2358*j**3. Let l(x) = -25*x**3 + x**2 - 2*x + 1. Let b be l(1). What are the prime factors of d(b)?
3, 5
Let p(d) = -d**3 - 47*d**2 - 230*d + 34. List the prime factors of p(-43).
2, 79
Let z = -4653 - -9161. List the prime factors of 6 - z/(-4 - 3).
2, 5, 13
Let u(v) = 8*v**2 - 3. Let c(q) = q**3 - 10*q**2 + 2*q - 1. Let j be c(10). Let w be 22/10 - j/95. What are the prime factors of u(w)?
29
Let o = 78 + -76. Let n be 57/(-36)*-622 + o/12. Suppose -4*y + n = 353. What are the prime factors of y?
2, 79
Let z be (-87)/(-9) + 6/(-9). Suppose 5*n = 3*p - 3, 0 = 4*p + 6*n - z*n - 15. Suppose p*b - 3*b = -u + 170, 5*b - 5 = 0. What are the prime factors of u?
167
Suppose 2320*q - 2530*q + 2267580 = 0. List the prime factors of q.
2, 5399
Suppose 2*n - 2 + 5 = -5*s, -4*s - 2 = 2*n. Let w(a) = -27*a**3 - 5*a**2 - 4*a - 1. List the prime factors of w(s).
5
Let s(u) = -2*u - 10. Let n be s(-8). Suppose -18*a + 13080 = n*a. What are the prime factors of a?
5, 109
Let i(m) = 34*m**3 + 18*m**2 + 43*m - 440. List the prime factors of i(6).
2, 5, 11, 71
List the prime factors of (-2)/20 - 225085/(-350).
643
What are the prime factors of 0 + 5 - (118 - 539)?
2, 3, 71
Let s = -301 - 155. Let k = 532 + s. List the prime factors of k.
2, 19
Let q be 26/(-4)*(0 - 0 - 2). Let v = -11 + q. Suppose 2*z - v*n = 200, -3*z + 2*n + 3*n + 300 = 0. List the prime factors of z.
2, 5
What are the prime factors of -30 + 4992/168 + -34*14920/(-14)?
2, 3, 11, 61
Let j(r) = -5*r + 23. Let l be j(6). Let y(i) = -33*i + 14. Let f be y(l). Suppose f = 2*n + 3*n. What are the prime factors of n?
7
Let z = -1566 - -2615. List the prime factors of z.
1049
Suppose -186*a - 34659 = -599169. What are the prime factors of a?
5, 607
Let y(z) = -24*z + 1819. What are the prime factors of y(16)?
5, 7, 41
Suppose 113120 = 4*n + 24*q - 25*q, 0 = -3*q. List the prime factors of n.
2, 5, 7, 101
Let g = -80 + 103. Suppose 0 = g*y + 3925 - 9790. List the prime factors of y.
3, 5, 17
Let q = -36631 + 51008. What are the prime factors of q?
11, 1307
Let f = 27047 + -18325. List the prime factors of f.
2, 7, 89
Let w = -96 - -99. What are the prime factors of (0 